at is the tens digit of 1207879?
7
What is the hundreds digit of 23260713?
7
What is the hundreds digit of 950088?
0
What is the thousands digit of 3162535?
2
What is the hundred thousands digit of 370532?
3
What is the tens digit of 181459?
5
What is the hundreds digit of 649600?
6
What is the ten thousands digit of 807734?
0
What is the millions digit of 3206720?
3
What is the tens digit of 28990?
9
What is the ten thousands digit of 180101?
8
What is the hundred thousands digit of 2640111?
6
What is the units digit of 3572473?
3
What is the hundreds digit of 3164713?
7
What is the millions digit of 1420082?
1
What is the hundreds digit of 14139434?
4
What is the units digit of 8868227?
7
What is the ten thousands digit of 590144?
9
What is the thousands digit of 1255118?
5
What is the tens digit of 884075?
7
What is the thousands digit of 2015609?
5
What is the millions digit of 6585601?
6
What is the hundreds digit of 417924?
9
What is the thousands digit of 3566292?
6
What is the thousands digit of 9432462?
2
What is the hundred thousands digit of 167282?
1
What is the units digit of 4715191?
1
What is the ten thousands digit of 20403960?
0
What is the hundred thousands digit of 234247?
2
What is the tens digit of 342347?
4
What is the hundreds digit of 22418853?
8
What is the ten thousands digit of 237130?
3
What is the units digit of 1400403?
3
What is the units digit of 4040761?
1
What is the thousands digit of 49290?
9
What is the tens digit of 30313645?
4
What is the units digit of 57894?
4
What is the hundreds digit of 1166866?
8
What is the thousands digit of 857934?
7
What is the thousands digit of 1729411?
9
What is the tens digit of 812238?
3
What is the ten thousands digit of 2058884?
5
What is the hundreds digit of 87926?
9
What is the hundred thousands digit of 1150552?
1
What is the units digit of 23285499?
9
What is the millions digit of 2920510?
2
What is the units digit of 190502?
2
What is the units digit of 596016?
6
What is the millions digit of 4797626?
4
What is the hundred thousands digit of 157949?
1
What is the ten thousands digit of 306555?
0
What is the tens digit of 8438471?
7
What is the hundred thousands digit of 10176894?
1
What is the hundreds digit of 8349256?
2
What is the millions digit of 8273360?
8
What is the hundreds digit of 3318509?
5
What is the hundreds digit of 3368560?
5
What is the millions digit of 1625488?
1
What is the units digit of 469165?
5
What is the hundreds digit of 46910?
9
What is the tens digit of 11069181?
8
What is the thousands digit of 341555?
1
What is the thousands digit of 2035438?
5
What is the tens digit of 237192?
9
What is the millions digit of 1413566?
1
What is the ten thousands digit of 6385429?
8
What is the tens digit of 3951341?
4
What is the units digit of 1976131?
1
What is the hundreds digit of 409663?
6
What is the hundred thousands digit of 993382?
9
What is the hundreds digit of 324180?
1
What is the hundred thousands digit of 27470553?
4
What is the thousands digit of 221537?
1
What is the thousands digit of 2329511?
9
What is the hundreds digit of 1929011?
0
What is the hundreds digit of 12560?
5
What is the hundred thousands digit of 286829?
2
What is the thousands digit of 2338762?
8
What is the units digit of 18290887?
7
What is the hundred thousands digit of 36826000?
8
What is the hundreds digit of 1144576?
5
What is the hundreds digit of 160009?
0
What is the ten thousands digit of 6081164?
8
What is the tens digit of 113745?
4
What is the millions digit of 27947399?
7
What is the thousands digit of 10701429?
1
What is the millions digit of 2361574?
2
What is the tens digit of 19698965?
6
What is the tens digit of 190486?
8
What is the tens digit of 220939?
3
What is the hundred thousands digit of 917278?
9
What is the tens digit of 1125568?
6
What is the millions digit of 1963007?
1
What is the tens digit of 1238728?
2
What is the thousands digit of 12519812?
9
What is the thousands digit of 11350275?
0
What is the hundred thousands digit of 4047299?
0
What is the tens digit of 174350?
5
What is the hundred thousands digit of 3602359?
6
What is the millions digit of 2550939?
2
What is the thousands digit of 134942?
4
What is the units digit of 7178091?
1
What is the hundred thousands digit of 1294073?
2
What is the hundred thousands digit of 116724?
1
What is the hundreds digit of 401523?
5
What is the hundred thousands digit of 1045389?
0
What is the millions digit of 1377666?
1
What is the thousands digit of 151208?
1
What is the hundred thousands digit of 3789347?
7
What is the hundred thousands digit of 681507?
6
What is the millions digit of 20810599?
0
What is the units digit of 643378?
8
What is the hundreds digit of 23407005?
0
What is the tens digit of 31811?
1
What is the millions digit of 4568350?
4
What is the thousands digit of 1185934?
5
What is the thousands digit of 4070?
4
What is the millions digit of 8526762?
8
What is the tens digit of 142849?
4
What is the units digit of 736902?
2
What is the units digit of 80150?
0
What is the thousands digit of 8558040?
8
What is the ten millions digit of 15159146?
1
What is the ten thousands digit of 14276329?
7
What is the ten thousands digit of 15993236?
9
What is the hundred thousands digit of 3128818?
1
What is the tens digit of 396588?
8
What is the hundred thousands digit of 532321?
5
What is the thousands digit of 2788946?
8
What is the millions digit of 2419683?
2
What is the hundreds digit of 10389614?
6
What is the tens digit of 89673?
7
What is the hundreds digit of 7136269?
2
What is the tens digit of 2226208?
0
What is the thousands digit of 430128?
0
What is the hundreds digit of 4130986?
9
What is the thousands digit of 3956684?
6
What is the thousands digit of 239607?
9
What is the thousands digit of 409210?
9
What is the tens digit of 236313?
1
What is the units digit of 977439?
9
What is the units digit of 498043?
3
What is the ten thousands digit of 414921?
1
What is the tens digit of 17668233?
3
What is the hundreds digit of 572864?
8
What is the ten thousands digit of 17181646?
8
What is the ten thousands digit of 411719?
1
What is the units digit of 2446768?
8
What is the units digit of 85668?
8
What is the ten thousands digit of 4130492?
3
What is the tens digit of 1414673?
7
What is the ten millions digit of 10473248?
1
What is the units digit of 5718636?
6
What is the tens digit of 12901072?
7
What is the millions digit of 19234941?
9
What is the millions digit of 4766299?
4
What is the tens digit of 863650?
5
What is the tens digit of 943991?
9
What is the tens digit of 341462?
6
What is the hundreds digit of 21404700?
7
What is the tens digit of 2948271?
7
What is the ten thousands digit of 363076?
6
What is the ten thousands digit of 1246246?
4
What is the millions digit of 33116289?
3
What is the millions digit of 3440442?
3
What is the thousands digit of 916527?
6
What is the hundreds digit of 334174?
1
What is the ten thousands digit of 214112?
1
What is the ten thousands digit of 302882?
0
What is the units digit of 1752256?
6
What is the ten thousands digit of 16752917?
5
What is the hundreds digit of 857285?
2
What is the hundreds digit of 254198?
1
What is the ten thousands digit of 4847428?
4
What is the hundreds digit of 286154?
1
What is the millions digit of 2330529?
2
What is the tens digit of 95455?
5
What is the hundred thousands digit of 979734?
9
What is the thousands digit of 11761934?
1
What is the hundred thousands digit of 423915?
4
What is the units digit of 6707109?
9
What is the units digit of 246690?
0
What is the tens digit of 230697?
9
What is the hundreds digit of 239844?
8
What is the hundred thousands digit of 2656692?
6
What is the units digit of 31942643?
3
What is the units digit of 22010?
0
What is the hundreds digit of 1228997?
9
What is the ten thousands digit of 16442708?
4
What is the tens digit of 14475509?
0
What is the units digit of 360406?
6
What is the millions digit of 4163539?
4
What is the thousands digit of 3423079?
3
What is the millions digit of 4047940?
4
What is the millions digit of 3901986?
3
What is the hundreds digit of 2778156?
1
What is the hundreds digit of 56293?
2
What is the ten thousands digit of 16